be (-1444)/(-133)*(-126)/(-12). Suppose -3*l + 178 = 3*t + 2*t, l + 4 = 0. Calculate the greatest common divisor of t and a.
38
Let d(r) = -2*r**3 - 5*r**2 + r - 2. Let h be d(-3). Suppose i + 645 = 3*o - h*i, 3*o - 669 = -3*i. What is the greatest common divisor of 22 and o?
22
Suppose -5*v + 6 = -4*i + 3*i, v - 2*i = -6. Suppose -4*h = -0*h - 120. Suppose -v*f - h = -3*f. What is the greatest common divisor of f and 20?
10
Suppose 54*n = 55*n - 1. Let z be (-3*n + 35/10)*64. Suppose -k + 29 + 19 = 0. Calculate the highest common factor of z and k.
16
Let v = 433 + -422. Calculate the highest common factor of v and 1100.
11
Let z = 57 - 57. Suppose -n + 457 - 39 = z. What is the highest common factor of n and 38?
38
Suppose -789 = 5*b + 4*l, 3*l + 208 - 1025 = 5*b. Let s = 287 + b. Calculate the highest common factor of s and 14.
14
Let i be (69*24/18)/((-2)/(-5)). Calculate the highest common factor of i and 92.
46
Suppose -9*x - 637 = -22*x. What is the highest common divisor of 28 and x?
7
Let f be 1 + 15 - 3/(9/(-12)). Calculate the greatest common factor of f and 12.
4
Suppose 0 = 12*y - 23*y + 231. What is the highest common factor of y and 21?
21
Suppose 591*x = 590*x + 36. What is the greatest common factor of 1206 and x?
18
Suppose -2*d + 6*d - 148 = -2*x, -d = -5. What is the highest common factor of x and 56?
8
Let u(o) = -6*o**2 + 3*o - 9. Let p(x) = -3*x**2 + 2*x - 5. Let j(c) = 7*p(c) - 4*u(c). Let l be j(2). Calculate the greatest common factor of 221 and l.
17
Suppose 0 = -15*g + 120 + 420. What is the highest common divisor of 348 and g?
12
Suppose 2*x = 732 - 720. What is the highest common divisor of x and 507?
3
Let q(l) = -3*l**2 - 54*l + 10. Let g be q(-18). Calculate the greatest common divisor of g and 290.
10
Let t(c) = -5*c + 157. Let a be t(31). Let z(f) = 2*f**2 + f + 2. Let v be z(-4). Suppose x = a*x - v. What is the highest common factor of 6 and x?
6
Suppose -7 = -4*l - 3*u + 24, -5*l + 59 = -3*u. Calculate the greatest common factor of l and 410.
10
Suppose 10*j - 2400 = -2*j. What is the highest common divisor of j and 8?
8
Let d be 17/((-68)/700)*(-20)/14. What is the greatest common factor of d and 10?
10
Let x(i) = -4*i + 5. Let k be x(-7). Calculate the greatest common divisor of 27 and k.
3
Let r(z) = 2*z**2 - z + 35 + 5*z**2 + 12*z - 34. Let q be r(-5). Calculate the highest common factor of q and 11.
11
Suppose 3*h + 6 = 0, -157 = -5*a - h + 196. Suppose -p + 95 = a. Calculate the greatest common divisor of 3 and p.
3
Suppose -2*p - 5*q = -33, -5*p + 15 = 3*q - 58. Let g = 2701 + -2695. What is the greatest common factor of p and g?
2
Let x = 906 + -282. Calculate the highest common factor of x and 39.
39
Suppose -l + 34 = 2*v + 3*l, 0 = -v + l + 2. Let t(s) = 4*s - 11. Suppose 13 = m + 5. Let k be t(m). What is the highest common divisor of k and v?
7
Let a be (10879/(-86))/(50/(-24) + 2). Calculate the greatest common divisor of 46 and a.
46
Let p(y) = -y**3 + 17*y**2 + 5*y - 29. Let f be p(17). Calculate the highest common factor of f and 224.
56
Suppose 37*n = 258 + 223. What is the highest common factor of n and 208?
13
Let f(w) = w**2 - 20*w + 15. Let b be f(20). What is the greatest common factor of 12 and b?
3
Let f = -393 - -226. Let j = f - -117. Let l be ((-11)/1)/(5/j). What is the highest common divisor of 44 and l?
22
Let t be (0 - (-5 - -6))/((-4)/52). Calculate the greatest common factor of t and 1.
1
Suppose 9*h = 24*h - 2790. What is the highest common divisor of h and 651?
93
Let x(v) = -v**2 + 17*v + 4. Let f be x(17). Suppose -15 = -q + 5*y, -f*y + 123 = 2*q + 23. Calculate the highest common divisor of 10 and q.
10
Let x(u) = u**2 + 6*u - 8. Let z be x(-8). Let l be 3/1 + -6 + 32. Let q be 2*(-9)/(-6) + l. What is the greatest common divisor of q and z?
8
Suppose 52 - 40 = 4*l. Suppose 5*a + 296 = 6*a - 5*b, -5*b - 868 = -l*a. Calculate the highest common divisor of 13 and a.
13
Let z(c) = -3*c + 2 - 4*c + c - 1 - c**2. Let j be z(-6). What is the greatest common divisor of 1 and j?
1
Let y be 2415/84 + 1/4. What is the highest common factor of 2 and y?
1
Let d(a) = -13*a + 366. Let l be d(27). What is the highest common divisor of l and 245?
5
Suppose -3*k = -4*p + 7*p - 1044, 3*k - 4*p - 1072 = 0. What is the highest common factor of k and 44?
44
Let f(k) = -k**3 - 2*k**2 + k - 4. Let p be f(-3). Suppose u = -p*u. Suppose u = -3*w + 6*w - 15. What is the highest common factor of 1 and w?
1
Suppose -5*v = -2*y, -101*y + 3*v = -96*y - 19. What is the highest common divisor of y and 40?
5
Let c be 3/6*(5 - -153). Suppose 0 = -3*l - 0*z + z + c, 33 = l + z. Let v = 2 + l. What is the greatest common factor of 12 and v?
6
Let t(g) = -2*g**3 - 11*g**2 - 33*g - 3. Let r be t(-6). What is the greatest common factor of r and 99?
33
Let d(s) be the second derivative of -5*s**3/3 - 8*s. Let j be d(-2). Calculate the highest common factor of 10 and j.
10
Let p = 74 - -4. Calculate the highest common divisor of 26 and p.
26
Let w be (8/(-6))/(46/(-69)). Let t be w/(-6) + 3962/(-21). Let a = 322 + t. Calculate the highest common factor of 19 and a.
19
Suppose -330 = 22*s - 27*s. Let h(d) = 413*d**2 - d. Let t be h(-1). Suppose -3*i + t = -s. Calculate the greatest common divisor of 20 and i.
20
Suppose 0*t = -4*t - 5*n + 165, 3*t + 3*n - 126 = 0. Calculate the greatest common divisor of t and 117.
9
Let u = 153 + -75. Calculate the highest common factor of u and 273.
39
Suppose -22*v + 25*v - 87 = 0. Let r = -8 + v. Calculate the greatest common divisor of 273 and r.
21
Suppose -134 = -7*t + 391. Calculate the greatest common factor of 200 and t.
25
Suppose 126 = 2*f + 106. Suppose f = 5*b - 15. What is the greatest common factor of 55 and b?
5
Suppose 3*p - 383 = 229. Calculate the highest common divisor of 48 and p.
12
Let m(f) = 72*f**3 - 3*f**2 + 2*f - 3. Let k be m(2). Let t = k - 378. Let o = t + -94. What is the highest common divisor of o and 31?
31
Suppose 4*p = 0, 5*q = 5*p + 1681 + 359. Calculate the greatest common factor of q and 17.
17
Let m(t) = 25*t. Let v be m(4). Suppose -5*r + 5 = -2*k + 40, 0 = -3*k - r + 61. Calculate the greatest common divisor of k and v.
20
Suppose -11*o = -66 - 33. What is the highest common divisor of o and 63?
9
Let r be -2 - 4/((-4)/9). Suppose 0 = l - 9 + r. Calculate the greatest common factor of 22 and l.
2
Let c be (-18)/63 - (-122)/(-14). Let s be (-39)/c - (-3)/(-9). Suppose -j + 0*j = 5*k - 6, -s*j = 3*k - 58. Calculate the highest common divisor of j and 144.
16
Let l(k) = 6*k + 6*k - 7 + k**2 - 3*k. Let n be l(-10). Let y(a) = 16*a + 67. Let g be y(-4). What is the greatest common divisor of g and n?
3
Let g(s) = -3*s + 213. Let z be g(17). What is the highest common factor of 72 and z?
18
Let q = -25 - -35. Suppose -b = 3 - q. Calculate the highest common divisor of 21 and b.
7
Suppose 0 = 5*c + 12 - 37. Let x = 80 - 30. Let b = x + -48. Calculate the highest common factor of b and c.
1
Let n = -663 + 743. What is the highest common factor of 10 and n?
10
Suppose -2*m = -0*m - 8. Let t(h) = -h + 6 + m + 2 - 5. Let z be t(5). Calculate the highest common divisor of 5 and z.
1
Suppose 13*g - 509 = 141. What is the highest common divisor of g and 30?
10
Suppose 2*k = l - 80, -3*k + 121 + 67 = 2*l. What is the highest common factor of l and 33?
11
Let u be 11/(-33) - 49/(-3). Suppose -3*b = -3*a - 18, -4*b = -0*b + 4*a - u. Let k(z) = z + 3. Let f be k(b). What is the highest common divisor of 72 and f?
8
Suppose -5*i = -3*m - 1360, -17*i + 3*m = -16*i - 272. Calculate the highest common factor of i and 34.
34
Let w(o) = o**3 - 10*o**2 + o - 104. Let f be w(11). Calculate the greatest common divisor of 378 and f.
14
Suppose 2204 + 1716 = 10*k. Calculate the highest common factor of 49 and k.
49
Let b be ((-2)/(-1) + -2)/(-1). Let n be ((-4)/(-10))/(280/(-25) + 11). Let h be (13 - b)*1 + n. What is the highest common factor of 44 and h?
11
Let w(n) = n**2 + 3*n - 12. Let z(j) = -j**2 + 3*j - 5. Let f be z(3). Let i be w(f). Let v be 18*i/(-4) + 0. What is the greatest common factor of 81 and v?
9
Suppose 14 = 2*u - 34. Let s = u + -36. Let v(d) = -4*d - 13. Let n be v(s). What is the greatest common factor of 14 and n?
7
Suppose -3*r - 2 